{"id":2529,"date":"2024-02-26T17:18:53","date_gmt":"2024-02-26T16:18:53","guid":{"rendered":"https:\/\/biace.com.ar\/?post_type=product&#038;p=2529"},"modified":"2025-11-25T19:54:18","modified_gmt":"2025-11-25T18:54:18","slug":"bomba-presurizadora-tip-2-motorarg","status":"publish","type":"product","link":"https:\/\/biace.com.ar\/index.php\/producto\/bomba-presurizadora-tip-2-motorarg\/","title":{"rendered":"Bomba presurizadora Tip 2 Motorarg"},"content":{"rendered":"<ul>\n<li>Dise\u00f1ada para presurizar instalaciones o sistemas dom\u00e9sticos.<\/li>\n<li>El equipo se acciona en el momento que abre la canilla y se apaga cuando la cierra.<\/li>\n<li>Sensor de flujo incorporado que permite su funcionamiento en autom\u00e1tico.<\/li>\n<li>Silenciosa, f\u00e1cil de instalar y libre de mantenimiento.<\/li>\n<li>No mantiene las ca\u00f1er\u00edas presurizadas cuando se detiene la bomba, evitando as\u00ed posibles problemas de roturas y filtraciones en instalaciones antiguas.<\/li>\n<\/ul>\n","protected":false},"excerpt":{"rendered":"<div align=\"center\">\n<div id=\"lodeladerecha\" align=\"left\">\n<ul>\n<li>Potencia 0,34 hp.<\/li>\n<li>Consumo 1,2 A.<\/li>\n<li>Altura m\u00e1xima 12 mca.<\/li>\n<li>Caudal m\u00e1ximo 3650 L\/h.<\/li>\n<li>Garant\u00eda oficial por 1 a\u00f1o.<\/li>\n<\/ul>\n<\/div>\n<\/div>\n","protected":false},"featured_media":2533,"comment_status":"open","ping_status":"closed","template":"","meta":[],"product_brand":[],"product_cat":[56,57],"product_tag":[75],"class_list":{"0":"post-2529","1":"product","2":"type-product","3":"status-publish","4":"has-post-thumbnail","6":"product_cat-bombas","7":"product_cat-presurizadoras","8":"product_tag-motorarg","10":"first","11":"instock","12":"shipping-taxable","13":"purchasable","14":"product-type-simple"},"_links":{"self":[{"href":"https:\/\/biace.com.ar\/index.php\/wp-json\/wp\/v2\/product\/2529","targetHints":{"allow":["GET"]}}],"collection":[{"href":"https:\/\/biace.com.ar\/index.php\/wp-json\/wp\/v2\/product"}],"about":[{"href":"https:\/\/biace.com.ar\/index.php\/wp-json\/wp\/v2\/types\/product"}],"replies":[{"embeddable":true,"href":"https:\/\/biace.com.ar\/index.php\/wp-json\/wp\/v2\/comments?post=2529"}],"version-history":[{"count":1,"href":"https:\/\/biace.com.ar\/index.php\/wp-json\/wp\/v2\/product\/2529\/revisions"}],"predecessor-version":[{"id":5771,"href":"https:\/\/biace.com.ar\/index.php\/wp-json\/wp\/v2\/product\/2529\/revisions\/5771"}],"wp:featuredmedia":[{"embeddable":true,"href":"https:\/\/biace.com.ar\/index.php\/wp-json\/wp\/v2\/media\/2533"}],"wp:attachment":[{"href":"https:\/\/biace.com.ar\/index.php\/wp-json\/wp\/v2\/media?parent=2529"}],"wp:term":[{"taxonomy":"product_brand","embeddable":true,"href":"https:\/\/biace.com.ar\/index.php\/wp-json\/wp\/v2\/product_brand?post=2529"},{"taxonomy":"product_cat","embeddable":true,"href":"https:\/\/biace.com.ar\/index.php\/wp-json\/wp\/v2\/product_cat?post=2529"},{"taxonomy":"product_tag","embeddable":true,"href":"https:\/\/biace.com.ar\/index.php\/wp-json\/wp\/v2\/product_tag?post=2529"}],"curies":[{"name":"wp","href":"https:\/\/api.w.org\/{rel}","templated":true}]}}