{"id":2898,"date":"2024-03-04T20:51:22","date_gmt":"2024-03-04T19:51:22","guid":{"rendered":"https:\/\/biace.com.ar\/?post_type=product&#038;p=2898"},"modified":"2025-09-11T20:23:43","modified_gmt":"2025-09-11T18:23:43","slug":"carga-filtrante-vc-20-grava","status":"publish","type":"product","link":"https:\/\/biace.com.ar\/index.php\/producto\/carga-filtrante-vc-20-grava\/","title":{"rendered":"Carga Filtrante VC 20 Grava"},"content":{"rendered":"<ul>\n<li>Conjunto de material filtrante \u00f3ptimo para filtro VC-20, compuesto por 40 kg de grava N12.<\/li>\n<li>Presentaci\u00f3n por bolsas: 2 grava (20 kg).<\/li>\n<li>Retiene part\u00edculas de hasta 50 micrones aproximadamente.<\/li>\n<\/ul>\n","protected":false},"excerpt":{"rendered":"<p>Conjunto de material filtrante \u00f3ptimo para filtro VC-20, compuesto por 40 kg de grava N12. Presentaci\u00f3n por bolsas: 2 grava (20 kg). Retiene part\u00edculas de hasta 50 micrones aproximadamente.<\/p>\n","protected":false},"featured_media":2899,"comment_status":"open","ping_status":"closed","template":"","meta":[],"product_brand":[],"product_cat":[121,119],"product_tag":[],"class_list":{"0":"post-2898","1":"product","2":"type-product","3":"status-publish","4":"has-post-thumbnail","6":"product_cat-carga-filtrante","7":"product_cat-piscina","9":"first","10":"instock","11":"shipping-taxable","12":"purchasable","13":"product-type-simple"},"_links":{"self":[{"href":"https:\/\/biace.com.ar\/index.php\/wp-json\/wp\/v2\/product\/2898","targetHints":{"allow":["GET"]}}],"collection":[{"href":"https:\/\/biace.com.ar\/index.php\/wp-json\/wp\/v2\/product"}],"about":[{"href":"https:\/\/biace.com.ar\/index.php\/wp-json\/wp\/v2\/types\/product"}],"replies":[{"embeddable":true,"href":"https:\/\/biace.com.ar\/index.php\/wp-json\/wp\/v2\/comments?post=2898"}],"version-history":[{"count":2,"href":"https:\/\/biace.com.ar\/index.php\/wp-json\/wp\/v2\/product\/2898\/revisions"}],"predecessor-version":[{"id":2901,"href":"https:\/\/biace.com.ar\/index.php\/wp-json\/wp\/v2\/product\/2898\/revisions\/2901"}],"wp:featuredmedia":[{"embeddable":true,"href":"https:\/\/biace.com.ar\/index.php\/wp-json\/wp\/v2\/media\/2899"}],"wp:attachment":[{"href":"https:\/\/biace.com.ar\/index.php\/wp-json\/wp\/v2\/media?parent=2898"}],"wp:term":[{"taxonomy":"product_brand","embeddable":true,"href":"https:\/\/biace.com.ar\/index.php\/wp-json\/wp\/v2\/product_brand?post=2898"},{"taxonomy":"product_cat","embeddable":true,"href":"https:\/\/biace.com.ar\/index.php\/wp-json\/wp\/v2\/product_cat?post=2898"},{"taxonomy":"product_tag","embeddable":true,"href":"https:\/\/biace.com.ar\/index.php\/wp-json\/wp\/v2\/product_tag?post=2898"}],"curies":[{"name":"wp","href":"https:\/\/api.w.org\/{rel}","templated":true}]}}