{"id":2989,"date":"2024-03-04T21:18:22","date_gmt":"2024-03-04T20:18:22","guid":{"rendered":"https:\/\/biace.com.ar\/?post_type=product&#038;p=2989"},"modified":"2025-09-11T20:28:42","modified_gmt":"2025-09-11T18:28:42","slug":"cartucho-filtrante-75-mm-p-bomba-1-3-hp-vulcano","status":"publish","type":"product","link":"https:\/\/biace.com.ar\/index.php\/producto\/cartucho-filtrante-75-mm-p-bomba-1-3-hp-vulcano\/","title":{"rendered":"Cartucho Filtrante 75 mm p\/bomba 1\/3 HP Vulcano"},"content":{"rendered":"<ul>\n<li>Filtro descartable de papel plisado de 75 mm.<\/li>\n<li>Su min\u00fascula malla, permite un buen flujo del agua, obstruyendo el paso de part\u00edculas incluso muy diminutas.<\/li>\n<li>Garantiza agua limpia y cristalina.<\/li>\n<li>F\u00e1cil limpieza y reemplazo con m\u00ednimo mantenimiento.<\/li>\n<li>Larga vida util.<\/li>\n<\/ul>\n","protected":false},"excerpt":{"rendered":"<p>Filtro descartable de papel plisado de 75 mm. Su min\u00fascula malla, permite un buen flujo del agua, obstruyendo el paso de part\u00edculas incluso muy diminutas. Garantiza agua limpia y cristalina. F\u00e1cil limpieza y reemplazo con m\u00ednimo mantenimiento. Larga vida util.<\/p>\n","protected":false},"featured_media":2998,"comment_status":"open","ping_status":"closed","template":"","meta":[],"product_brand":[],"product_cat":[123,119],"product_tag":[81],"class_list":{"0":"post-2989","1":"product","2":"type-product","3":"status-publish","4":"has-post-thumbnail","6":"product_cat-bombas-autocebante","7":"product_cat-piscina","8":"product_tag-vulcano","10":"first","11":"instock","12":"shipping-taxable","13":"product-type-simple"},"_links":{"self":[{"href":"https:\/\/biace.com.ar\/index.php\/wp-json\/wp\/v2\/product\/2989","targetHints":{"allow":["GET"]}}],"collection":[{"href":"https:\/\/biace.com.ar\/index.php\/wp-json\/wp\/v2\/product"}],"about":[{"href":"https:\/\/biace.com.ar\/index.php\/wp-json\/wp\/v2\/types\/product"}],"replies":[{"embeddable":true,"href":"https:\/\/biace.com.ar\/index.php\/wp-json\/wp\/v2\/comments?post=2989"}],"version-history":[{"count":1,"href":"https:\/\/biace.com.ar\/index.php\/wp-json\/wp\/v2\/product\/2989\/revisions"}],"predecessor-version":[{"id":2999,"href":"https:\/\/biace.com.ar\/index.php\/wp-json\/wp\/v2\/product\/2989\/revisions\/2999"}],"wp:featuredmedia":[{"embeddable":true,"href":"https:\/\/biace.com.ar\/index.php\/wp-json\/wp\/v2\/media\/2998"}],"wp:attachment":[{"href":"https:\/\/biace.com.ar\/index.php\/wp-json\/wp\/v2\/media?parent=2989"}],"wp:term":[{"taxonomy":"product_brand","embeddable":true,"href":"https:\/\/biace.com.ar\/index.php\/wp-json\/wp\/v2\/product_brand?post=2989"},{"taxonomy":"product_cat","embeddable":true,"href":"https:\/\/biace.com.ar\/index.php\/wp-json\/wp\/v2\/product_cat?post=2989"},{"taxonomy":"product_tag","embeddable":true,"href":"https:\/\/biace.com.ar\/index.php\/wp-json\/wp\/v2\/product_tag?post=2989"}],"curies":[{"name":"wp","href":"https:\/\/api.w.org\/{rel}","templated":true}]}}