{"id":3003,"date":"2024-03-04T21:57:10","date_gmt":"2024-03-04T20:57:10","guid":{"rendered":"https:\/\/biace.com.ar\/?post_type=product&#038;p=3003"},"modified":"2025-09-11T20:32:46","modified_gmt":"2025-09-11T18:32:46","slug":"manguera-flotante-bicolor-2-x-30-metros-vulcano","status":"publish","type":"product","link":"https:\/\/biace.com.ar\/index.php\/producto\/manguera-flotante-bicolor-2-x-30-metros-vulcano\/","title":{"rendered":"Manguera Flotante bicolor 2 \u00bb x 30 metros Vulcano"},"content":{"rendered":"<ul>\n<li>Aplicaci\u00f3n en succi\u00f3n de barrefondo y en canales de desag\u00fces.<\/li>\n<li>Adecuada para piscinas ol\u00edmpicas y semiol\u00edmpicas.<\/li>\n<li>Excelente flexibilidad.<\/li>\n<li>Se presenta en rollos de 30 mts.<\/li>\n<li>Fabricadas con material virgen, garantiza una excelente vida \u00fatil.<\/li>\n<li>Gran resistencia a la abrasi\u00f3n.<\/li>\n<\/ul>\n","protected":false},"excerpt":{"rendered":"<p>Aplicaci\u00f3n en succi\u00f3n de barrefondo y en canales de desag\u00fces. Adecuada para piscinas ol\u00edmpicas y semiol\u00edmpicas. Excelente flexibilidad. Se presenta en rollos de 30 mts. Fabricadas con material virgen, garantiza una excelente vida \u00fatil. Gran resistencia a la abrasi\u00f3n.<\/p>\n","protected":false},"featured_media":3008,"comment_status":"open","ping_status":"closed","template":"","meta":[],"product_brand":[],"product_cat":[124,119],"product_tag":[81],"class_list":{"0":"post-3003","1":"product","2":"type-product","3":"status-publish","4":"has-post-thumbnail","6":"product_cat-mangueras","7":"product_cat-piscina","8":"product_tag-vulcano","10":"first","11":"instock","12":"shipping-taxable","13":"product-type-simple"},"_links":{"self":[{"href":"https:\/\/biace.com.ar\/index.php\/wp-json\/wp\/v2\/product\/3003","targetHints":{"allow":["GET"]}}],"collection":[{"href":"https:\/\/biace.com.ar\/index.php\/wp-json\/wp\/v2\/product"}],"about":[{"href":"https:\/\/biace.com.ar\/index.php\/wp-json\/wp\/v2\/types\/product"}],"replies":[{"embeddable":true,"href":"https:\/\/biace.com.ar\/index.php\/wp-json\/wp\/v2\/comments?post=3003"}],"version-history":[{"count":1,"href":"https:\/\/biace.com.ar\/index.php\/wp-json\/wp\/v2\/product\/3003\/revisions"}],"predecessor-version":[{"id":3009,"href":"https:\/\/biace.com.ar\/index.php\/wp-json\/wp\/v2\/product\/3003\/revisions\/3009"}],"wp:featuredmedia":[{"embeddable":true,"href":"https:\/\/biace.com.ar\/index.php\/wp-json\/wp\/v2\/media\/3008"}],"wp:attachment":[{"href":"https:\/\/biace.com.ar\/index.php\/wp-json\/wp\/v2\/media?parent=3003"}],"wp:term":[{"taxonomy":"product_brand","embeddable":true,"href":"https:\/\/biace.com.ar\/index.php\/wp-json\/wp\/v2\/product_brand?post=3003"},{"taxonomy":"product_cat","embeddable":true,"href":"https:\/\/biace.com.ar\/index.php\/wp-json\/wp\/v2\/product_cat?post=3003"},{"taxonomy":"product_tag","embeddable":true,"href":"https:\/\/biace.com.ar\/index.php\/wp-json\/wp\/v2\/product_tag?post=3003"}],"curies":[{"name":"wp","href":"https:\/\/api.w.org\/{rel}","templated":true}]}}