{"id":3144,"date":"2024-03-04T22:40:50","date_gmt":"2024-03-04T21:40:50","guid":{"rendered":"https:\/\/biace.com.ar\/?post_type=product&#038;p=3144"},"modified":"2025-09-11T20:41:35","modified_gmt":"2025-09-11T18:41:35","slug":"iluminacion-superled-144w-rgb-vulcano","status":"publish","type":"product","link":"https:\/\/biace.com.ar\/index.php\/producto\/iluminacion-superled-144w-rgb-vulcano\/","title":{"rendered":"Iluminaci\u00f3n SuperLED 14.4w RGB Vulcano"},"content":{"rendered":"<p>Luminaria subacu\u00e1tica SuperLED Vulcano 14,4W de luz blanca 12 VCC. Con \u00e1ngulo de apertura de 170\u00b0,\u00a0<b>brinda excelente potencia de iluminaci\u00f3n con niveles muy bajos de consumo energ\u00e9tico.<\/b>\u00a0Esta luz, fabricada completamente en policarbonato de alta calidad, es compacta, delgada y de f\u00e1cil instalaci\u00f3n.<\/p>\n<p><b>Caracter\u00edsticas t\u00e9cnicas<\/b><br \/>\n\u2022 Grado de protecci\u00f3n IP68.<br \/>\n\u2022 \u00c1rea de iluminaci\u00f3n 38 m\u00b2.<br \/>\n\u2022 Sistema de instalaci\u00f3n push in, encastre a presi\u00f3n en pasamuro.<br \/>\n\u2022 Garant\u00eda 1 a\u00f1o.<\/p>\n<p><b>Recomendaci\u00f3n<\/b><br \/>\n\u2022 Para conservar la garant\u00eda del producto se debe realizar una correcta instalaci\u00f3n, donde las conexiones est\u00e9n dentro de cajas estancas y el cable de la luminaria no se corte.<\/p>\n","protected":false},"excerpt":{"rendered":"<div class=\"contenedor-tabla\"><b>Tipo de Piscina:<\/b>\u00a0hormig\u00f3n \/ fibra de vidrio<\/div>\n<div class=\"contenedor-tabla\"><b>Cuerpo:<\/b>\u00a0policarbonato<\/div>\n<div class=\"contenedor-tabla\"><b>Luz:<\/b>\u00a0RGB<\/div>\n<div class=\"contenedor-tabla\"><b>Flujo Luminoso:<\/b>\u00a0500 lm<\/div>\n<div class=\"contenedor-tabla\"><b>Potencia (W):<\/b>\u00a014.4W<\/div>\n","protected":false},"featured_media":3153,"comment_status":"open","ping_status":"closed","template":"","meta":[],"product_brand":[],"product_cat":[133,119],"product_tag":[81],"class_list":{"0":"post-3144","1":"product","2":"type-product","3":"status-publish","4":"has-post-thumbnail","6":"product_cat-iluminacion","7":"product_cat-piscina","8":"product_tag-vulcano","10":"first","11":"instock","12":"shipping-taxable","13":"product-type-simple"},"_links":{"self":[{"href":"https:\/\/biace.com.ar\/index.php\/wp-json\/wp\/v2\/product\/3144","targetHints":{"allow":["GET"]}}],"collection":[{"href":"https:\/\/biace.com.ar\/index.php\/wp-json\/wp\/v2\/product"}],"about":[{"href":"https:\/\/biace.com.ar\/index.php\/wp-json\/wp\/v2\/types\/product"}],"replies":[{"embeddable":true,"href":"https:\/\/biace.com.ar\/index.php\/wp-json\/wp\/v2\/comments?post=3144"}],"version-history":[{"count":4,"href":"https:\/\/biace.com.ar\/index.php\/wp-json\/wp\/v2\/product\/3144\/revisions"}],"predecessor-version":[{"id":5347,"href":"https:\/\/biace.com.ar\/index.php\/wp-json\/wp\/v2\/product\/3144\/revisions\/5347"}],"wp:featuredmedia":[{"embeddable":true,"href":"https:\/\/biace.com.ar\/index.php\/wp-json\/wp\/v2\/media\/3153"}],"wp:attachment":[{"href":"https:\/\/biace.com.ar\/index.php\/wp-json\/wp\/v2\/media?parent=3144"}],"wp:term":[{"taxonomy":"product_brand","embeddable":true,"href":"https:\/\/biace.com.ar\/index.php\/wp-json\/wp\/v2\/product_brand?post=3144"},{"taxonomy":"product_cat","embeddable":true,"href":"https:\/\/biace.com.ar\/index.php\/wp-json\/wp\/v2\/product_cat?post=3144"},{"taxonomy":"product_tag","embeddable":true,"href":"https:\/\/biace.com.ar\/index.php\/wp-json\/wp\/v2\/product_tag?post=3144"}],"curies":[{"name":"wp","href":"https:\/\/api.w.org\/{rel}","templated":true}]}}