{"id":3237,"date":"2024-03-05T13:36:58","date_gmt":"2024-03-05T12:36:58","guid":{"rendered":"https:\/\/biace.com.ar\/?post_type=product&#038;p=3237"},"modified":"2025-09-11T20:53:42","modified_gmt":"2025-09-11T18:53:42","slug":"casilla-con-filtro-vulcano-vc-30-con-accesorios","status":"publish","type":"product","link":"https:\/\/biace.com.ar\/index.php\/producto\/casilla-con-filtro-vulcano-vc-30-con-accesorios\/","title":{"rendered":"Casilla con Filtro Vulcano VC 30 con Accesorios"},"content":{"rendered":"<div align=\"center\">\n<div id=\"lodeladerecha\" align=\"left\">\n<div align=\"left\">\n<p class=\"cuerpo-de-texto-con-sangr\u00eda\"><strong>Aplicaciones Casilla con Filtro Vulcano VC 30 Armada con Accesorios<\/strong><\/p>\n<ul>\n<li>Filtrado de piscinas hasta 50000 L sin climatizador.<\/li>\n<li>Filtrado de piscinas hasta 30000 L con climatizador.<\/li>\n<\/ul>\n<p>&nbsp;<\/p>\n<p class=\"cuerpo-de-texto-con-sangr\u00eda\"><strong>Ventajas Casilla con Filtro Vulcano VC 30 Armada con Accesorios<\/strong><\/p>\n<ul>\n<li>La casilla con filtro Vulcano VC 30 es un sistema optimo de filtrado de f\u00e1cil instalaci\u00f3n y mantenimiento y a su vez brinda resguardo y ordenamiento a los componentes.<\/li>\n<li>Garant\u00eda 3 a\u00f1os oficial por el tanque del filtro Vulcano VC 30.<\/li>\n<li>Garant\u00eda 1 a\u00f1o oficial por el resto de los componentes.<\/li>\n<li>Los componentes de la casilla con filtro Vulcano VC 30 son productos de fabricaci\u00f3n nacional.<\/li>\n<li>Filtro Vulcano VC 30 equipado con Multivalvula Vulcano de 6 v\u00edas.<\/li>\n<li>Linea de repuestos completa.<\/li>\n<li>La casilla con filtro Vulcano VC 30 retiene part\u00edculas hasta 50 micrones aproximadamente.<\/li>\n<\/ul>\n<p>&nbsp;<\/p>\n<p class=\"cuerpo-de-texto-con-sangr\u00eda\"><strong>Componentes Casilla con Filtro Vulcano VC 30 Armada con Accesorios<\/strong><\/p>\n<ul>\n<li>Casilla Vulcano VC 30.<\/li>\n<li>Filtro Vulcano VC 30 soplado con multivalvula 6 vias Vulcano.<\/li>\n<li>Bomba Vulcano Autocebante\u00a0\ufffd\u00a0HP serie 2000.<\/li>\n<li>Llave 3 v\u00edas Vulcano.<\/li>\n<li>Virolas de conexionado Vulcano.<\/li>\n<li>Accesorios de conexionado entre los elementos.<\/li>\n<li>Carga filtrante de grava (la misma se entrega embolsada fuera del filtro).<\/li>\n<\/ul>\n<p>&nbsp;<\/p>\n<p class=\"cuerpo-de-texto-con-sangr\u00eda\"><strong>Dimensiones Casilla con Filtro Vulcano VC 30 Armada con Accesorios<\/strong><\/p>\n<p><img decoding=\"async\" src=\"http:\/\/www.tusta.com.ar\/admin\/imagenes\/casilla%20vulcano%20cotas%20tusta.jpg\" \/><img decoding=\"async\" src=\"http:\/\/www.tusta.com.ar\/admin\/imagenes\/med%20casilla%20vulcano%20VC%20tusta.jpg\" \/><\/p>\n<p class=\"cuerpo-de-texto-con-sangr\u00eda\"><strong>Caracter\u00edsticas T\u00e9cnicas Filtro Vulcano Soplado<\/strong><\/p>\n<p><img decoding=\"async\" src=\"http:\/\/www.tusta.com.ar\/admin\/imagenes\/cara%20filtro%20vulcano%20VC%20soplado%20tusta.jpg\" \/><\/p>\n<p class=\"cuerpo-de-texto-con-sangr\u00eda\"><strong>Caracter\u00edsticas T\u00e9cnicas Bomba Autocebante Vulcano S 2000<\/strong><\/p>\n<p><img decoding=\"async\" src=\"http:\/\/www.tusta.com.ar\/admin\/imagenes\/tabla%20vulcano%20autocebante%20casilla%20tusta.jpg\" \/><\/p>\n<p class=\"cuerpo-de-texto-con-sangr\u00eda\"><strong>Distribuci\u00f3n Casilla con Filtro Vulcano VC 30 Armada con Accesorios<\/strong><\/p>\n<p>\u00a0 \u00a0\u00a0<img decoding=\"async\" src=\"http:\/\/www.tusta.com.ar\/admin\/imagenes\/tusta%20casilla%20vulcano%20distri.jpg\" \/><\/p>\n<p class=\"cuerpo-de-texto-con-sangr\u00eda\"><strong>Recomendaciones para Instalar la Casilla con Filtro Vulcano VC 30<\/strong><\/p>\n<ul>\n<li>Se recomienda instalar la casilla enterrando hasta el nivel de las conexiones.<\/li>\n<li>Realizar el emplazamiento sobre terreno no inundable.<\/li>\n<li>Verificar el nivel de la napa fre\u00e1tica, ya que de estar muy alta podr\u00eda inundar la casilla da\u00f1ando la bomba.<\/li>\n<li>Colocar en el fondo de la excavaci\u00f3n un manto de piedra para mejorar el drenaje de la casilla.<\/li>\n<\/ul>\n<p>&nbsp;<\/p>\n<p class=\"cuerpo-de-texto-con-sangr\u00eda\"><strong>Funciones del Cabezal del Filtro Vulcano VC 30<\/strong><\/p>\n<ul>\n<li><strong>Filtrado:\u00a0<\/strong>procedimiento de filtrado. Colocar la multivalvula en posici\u00f3n filtrado, encender la bomba durante 3 a 4 horas con la aspiraci\u00f3n en toma de fondo. El agua regresara a la piscina.<\/li>\n<li><strong>Retrolavado:<\/strong>\u00a0procedimiento de limpieza de carga filtrante. Colocar la multivalvula en pocisi\u00f3n retrolavado, encender la bomba, realizar la operaci\u00f3n durante 3 o 4 minutos hasta observar en el tubo visor el agua clara. Realizarlo semanalmente. El agua fluira por el desagote.<\/li>\n<li><strong>Enjuague:\u00a0<\/strong>procedimiento de limpieza del cabezal, colocar la multivalvula en pocisi\u00f3n enjuague, encender la bomba durante 2 o 3 minutos. Esta operaci\u00f3n se realiza inmediatamente despues de finalizado el retrolavado. El agua fluira por el desagote.<\/li>\n<li><strong>Desagote:<\/strong>\u00a0procedimeinto de vaciado. Colocar la multivalvula en pocisi\u00f3n desagote, encender la bomba con la aspiraci\u00f3n en toma de fondo, asegurese de apagar la bomba cuando el agua se evacuo en la medida deseada o por completo.<\/li>\n<li><strong>Centrifugado:\u00a0<\/strong>Procedimiento que permite el uso de hidromasajeadores. Colocar la multivalvula en pocisi\u00f3n centrifugado, encender la bomba durante el tiempo deseado con la aspiraci\u00f3n desde toma de fondo. En esta funcion el agua es recirculada hacia la piscina sin ser filtrada.<\/li>\n<li><strong>Fuera de uso:<\/strong>\u00a0Posici\u00f3n para ser utilizada fuera de temporada con la piscina vacia.<\/li>\n<\/ul>\n<p class=\"cuerpo-de-texto-con-sangr\u00eda\"><strong>NOTA: Todas las maniobras sobre la multivalvula deben realizarse con la bomba apagada.<\/strong><\/p>\n<p>&nbsp;<\/p>\n<p class=\"cuerpo-de-texto-con-sangr\u00eda\"><strong>Regimen de Trabajo y Mantenimiento de la Casilla con Filtro Vulcano VC 30<\/strong><\/p>\n<ul>\n<li>Se recomienda hacer un filtrado de 3 a 4 horas diariamente en la epoca de uso.<\/li>\n<li>Realizar semanalmente la limpieza de la carga filtrante por medido del retrolavado y de la trampa de pelos.<\/li>\n<li>Observar la dosificaci\u00f3n y control de los productos qu\u00edmicos.<\/li>\n<li>Es recomendable al principio de la temporada realizar una limpieza y lubricacion del cabezal de la multivalvula de 6 y 3 vias.<\/li>\n<\/ul>\n<p>&nbsp;<\/p>\n<p class=\"cuerpo-de-texto-con-sangr\u00eda\"><strong>Esquema de Sistema de Filtrado Vulcano VC 30<\/strong><\/p>\n<p><img decoding=\"async\" src=\"http:\/\/www.tusta.com.ar\/admin\/imagenes\/tusta%20esquema%20filtro%20vulcano.jpg\" \/><\/p>\n<\/div>\n<\/div>\n<\/div>\n","protected":false},"excerpt":{"rendered":"<p>Aplicaciones Casilla con Filtro Vulcano VC 30 Armada con Accesorios Filtrado de piscinas hasta 50000 L sin climatizador. Filtrado de piscinas hasta 30000 L con climatizador. &nbsp; Ventajas Casilla con Filtro Vulcano VC 30 Armada con Accesorios La casilla con filtro Vulcano VC 30 es un sistema optimo de filtrado de f\u00e1cil instalaci\u00f3n y mantenimiento y a su vez brinda resguardo y ordenamiento a los componentes. Garant\u00eda 3 a\u00f1os oficial por el tanque del filtro Vulcano VC 30. Garant\u00eda 1 a\u00f1o oficial por el resto de los componentes. Los componentes de la casilla con filtro Vulcano VC 30 son productos de fabricaci\u00f3n nacional. Filtro Vulcano VC 30 equipado con Multivalvula Vulcano de 6 v\u00edas. Linea de repuestos completa. La casilla con filtro Vulcano VC 30 retiene part\u00edculas hasta 50 micrones aproximadamente. &nbsp; Componentes Casilla con Filtro Vulcano VC 30 Armada con Accesorios Casilla Vulcano VC 30. Filtro Vulcano VC 30 soplado con multivalvula 6 vias Vulcano. Bomba Vulcano Autocebante\u00a0\ufffd\u00a0HP serie 2000. Llave 3 v\u00edas Vulcano. Virolas de conexionado Vulcano. Accesorios de conexionado entre los elementos. Carga filtrante de grava (la misma se entrega embolsada fuera del filtro). &nbsp; Dimensiones Casilla con Filtro Vulcano VC 30 Armada con Accesorios Caracter\u00edsticas T\u00e9cnicas Filtro Vulcano Soplado Caracter\u00edsticas T\u00e9cnicas Bomba Autocebante Vulcano S 2000 Distribuci\u00f3n Casilla con Filtro Vulcano VC 30 Armada con Accesorios \u00a0 \u00a0\u00a0 Recomendaciones para Instalar la Casilla con Filtro Vulcano VC 30 Se recomienda instalar la casilla enterrando hasta el nivel de las conexiones. Realizar el emplazamiento sobre terreno no inundable. Verificar el nivel de la napa fre\u00e1tica, ya que de estar muy alta podr\u00eda inundar la casilla da\u00f1ando la bomba. Colocar en el fondo de la excavaci\u00f3n un manto de piedra para mejorar el drenaje de la casilla. &nbsp; Funciones del Cabezal del Filtro Vulcano VC 30 Filtrado:\u00a0procedimiento de filtrado. Colocar la multivalvula en posici\u00f3n filtrado, encender la bomba durante 3 a 4 horas con la aspiraci\u00f3n en toma de fondo. El agua regresara a la piscina. Retrolavado:\u00a0procedimiento de limpieza de carga filtrante. Colocar la multivalvula en pocisi\u00f3n retrolavado, encender la bomba, realizar la operaci\u00f3n durante 3 o 4 minutos hasta observar en el tubo visor el agua clara. Realizarlo semanalmente. El agua fluira por el desagote. Enjuague:\u00a0procedimiento de limpieza del cabezal, colocar la multivalvula en pocisi\u00f3n enjuague, encender la bomba durante 2 o 3 minutos. Esta operaci\u00f3n se realiza inmediatamente despues de finalizado el retrolavado. El agua fluira por el desagote. Desagote:\u00a0procedimeinto de vaciado. Colocar la multivalvula en pocisi\u00f3n desagote, encender la bomba con la aspiraci\u00f3n en toma de fondo, asegurese de apagar la bomba cuando el agua se evacuo en la medida deseada o por completo. Centrifugado:\u00a0Procedimiento que permite el uso de hidromasajeadores. Colocar la multivalvula en pocisi\u00f3n centrifugado, encender la bomba durante el tiempo deseado con la aspiraci\u00f3n desde toma de fondo. En esta funcion el agua es recirculada hacia la piscina sin ser filtrada. Fuera de uso:\u00a0Posici\u00f3n para ser utilizada fuera de temporada con la piscina vacia. NOTA: Todas las maniobras sobre la multivalvula deben realizarse con la bomba apagada. &nbsp; Regimen de Trabajo y Mantenimiento de la Casilla con Filtro Vulcano VC 30 Se recomienda hacer un filtrado de 3 a 4 horas diariamente en la epoca de uso. Realizar semanalmente la limpieza de la carga filtrante por medido del retrolavado y de la trampa de pelos. Observar la dosificaci\u00f3n y control de los productos qu\u00edmicos. Es recomendable al principio de la temporada realizar una limpieza y lubricacion del cabezal de la multivalvula de 6 y 3 vias. &nbsp; Esquema de Sistema de Filtrado Vulcano VC 30<\/p>\n","protected":false},"featured_media":3242,"comment_status":"open","ping_status":"closed","template":"","meta":[],"product_brand":[],"product_cat":[148,119],"product_tag":[81],"class_list":{"0":"post-3237","1":"product","2":"type-product","3":"status-publish","4":"has-post-thumbnail","6":"product_cat-casillas","7":"product_cat-piscina","8":"product_tag-vulcano","10":"first","11":"instock","12":"shipping-taxable","13":"product-type-simple"},"_links":{"self":[{"href":"https:\/\/biace.com.ar\/index.php\/wp-json\/wp\/v2\/product\/3237","targetHints":{"allow":["GET"]}}],"collection":[{"href":"https:\/\/biace.com.ar\/index.php\/wp-json\/wp\/v2\/product"}],"about":[{"href":"https:\/\/biace.com.ar\/index.php\/wp-json\/wp\/v2\/types\/product"}],"replies":[{"embeddable":true,"href":"https:\/\/biace.com.ar\/index.php\/wp-json\/wp\/v2\/comments?post=3237"}],"version-history":[{"count":4,"href":"https:\/\/biace.com.ar\/index.php\/wp-json\/wp\/v2\/product\/3237\/revisions"}],"predecessor-version":[{"id":5676,"href":"https:\/\/biace.com.ar\/index.php\/wp-json\/wp\/v2\/product\/3237\/revisions\/5676"}],"wp:featuredmedia":[{"embeddable":true,"href":"https:\/\/biace.com.ar\/index.php\/wp-json\/wp\/v2\/media\/3242"}],"wp:attachment":[{"href":"https:\/\/biace.com.ar\/index.php\/wp-json\/wp\/v2\/media?parent=3237"}],"wp:term":[{"taxonomy":"product_brand","embeddable":true,"href":"https:\/\/biace.com.ar\/index.php\/wp-json\/wp\/v2\/product_brand?post=3237"},{"taxonomy":"product_cat","embeddable":true,"href":"https:\/\/biace.com.ar\/index.php\/wp-json\/wp\/v2\/product_cat?post=3237"},{"taxonomy":"product_tag","embeddable":true,"href":"https:\/\/biace.com.ar\/index.php\/wp-json\/wp\/v2\/product_tag?post=3237"}],"curies":[{"name":"wp","href":"https:\/\/api.w.org\/{rel}","templated":true}]}}